3) in base 14?
1
What is -44 (base 8) in base 6?
-100
Convert -27 (base 8) to base 16.
-17
129 (base 14) to base 7
452
10 (base 3) to base 10
3
What is 20 (base 10) in base 2?
10100
-18 (base 13) to base 15
-16
-10 (base 3) to base 5
-3
1a (base 15) to base 14
1b
What is -110 (base 3) in base 16?
-c
Convert 9 (base 10) to base 13.
9
-140 (base 8) to base 3
-10120
c7 (base 16) to base 11
171
-12 (base 15) to base 10
-17
What is -2 (base 14) in base 5?
-2
-2 (base 11) to base 2
-10
4 (base 8) to base 7
4
What is 20 (base 5) in base 16?
a
What is 11000 (base 2) in base 16?
18
Convert -1 (base 5) to base 6.
-1
Convert -1 (base 14) to base 4.
-1
What is 3 (base 14) in base 9?
3
What is -73 (base 15) in base 13?
-84
What is -2 (base 10) in base 13?
-2
-62 (base 8) to base 6
-122
What is -6 (base 8) in base 5?
-11
11 (base 3) to base 15
4
-6 (base 8) to base 6
-10
What is 0 (base 2) in base 15?
0
What is -51 (base 15) in base 11?
-6a
Convert -36 (base 13) to base 14.
-33
What is 7 (base 15) in base 13?
7
4 (base 12) to base 5
4
12 (base 9) to base 5
21
Convert 1 (base 10) to base 8.
1
Convert -4 (base 6) to base 15.
-4
-3 (base 15) to base 5
-3
What is 233 (base 4) in base 10?
47
-3 (base 8) to base 10
-3
Convert 3 (base 11) to base 8.
3
Convert 11 (base 3) to base 12.
4
72 (base 14) to base 13
79
What is -31 (base 14) in base 12?
-37
Convert -2 (base 15) to base 11.
-2
What is -3 (base 9) in base 10?
-3
What is 5 (base 16) in base 11?
5
Convert -2 (base 10) to base 8.
-2
Convert 24 (base 6) to base 15.
11
What is 4 (base 14) in base 15?
4
111 (base 3) to base 7
16
195 (base 12) to base 7
515
Convert 18 (base 14) to base 6.
34
Convert 51 (base 8) to base 13.
32
What is 32 (base 10) in base 11?
2a
-2 (base 6) to base 7
-2
Convert -11111 (base 2) to base 14.
-23
What is 2011 (base 3) in base 2?
111010
What is -5 (base 7) in base 8?
-5
Convert 23 (base 5) to base 9.
14
0 (base 9) to base 11
0
Convert 110 (base 2) to base 3.
20
What is 101110 (base 2) in base 5?
141
What is 22 (base 7) in base 13?
13
What is -3 (base 4) in base 7?
-3
What is 20010 (base 3) in base 7?
324
What is -10 (base 3) in base 8?
-3
-15 (base 16) to base 4
-111
-181 (base 13) to base 3
-101011
What is 140 (base 7) in base 4?
1031
What is -101 (base 3) in base 16?
-a
Convert 104 (base 7) to base 11.
49
14 (base 7) to base 16
b
Convert 30 (base 4) to base 2.
1100
Convert -1a1 (base 11) to base 13.
-14b
10010 (base 2) to base 8
22
What is 454 (base 6) in base 14?
ca
26 (base 12) to base 3
1010
Convert -77 (base 9) to base 12.
-5a
What is -11 (base 5) in base 6?
-10
Convert 35 (base 6) to base 11.
21
What is 101001010 (base 2) in base 7?
651
Convert -1304 (base 6) to base 13.
-1c3
Convert 0 (base 14) to base 4.
0
What is -3 (base 5) in base 7?
-3
What is -101 (base 9) in base 6?
-214
Convert -20202 (base 3) to base 15.
-c2
Convert 1013 (base 4) to base 2.
1000111
What is 18 (base 13) in base 10?
21
-d7 (base 16) to base 5
-1330
-5 (base 9) to base 4
-11
What is -110101 (base 2) in base 10?
-53
What is -35 (base 12) in base 3?
-1112
-1 (base 16) to base 5
-1
20 (base 9) to base 14
14
What is -a (base 12) in base 16?
-a
Convert -25 (base 15) to base 8.
-43
3 (base 6) to base 13
3
Convert 106 (base 11) to base 8.
177
-300 (base 4) to base 9
-53
Convert 2220 (base 3) to base 14.
58
Convert -200 (base 4) to base 6.
-52
Convert 1 (base 5) to base 14.
1
What is 64 (base 7) in base 11?
42
What is 12 (base 9) in base 6?
15
4 (base 8) to base 5
4
What is 124 (base 7) in base 4?
1003
-3 (base 10) to base 2
-11
What is -100 (base 3) in base 10?
-9
5 (base 6) to base 2
101
-2 (base 16) to base 12
-2
What is 65 (base 9) in base 4?
323
Convert -36 (base 16) to base 12.
-46
What is -70 (base 14) in base 3?
-10122
Convert -3 (base 5) to base 6.
-3
21 (base 3) to base 4
13
2 (base 14) to base 7
2
What is 44 (base 13) in base 10?
56
-3 (base 6) to base 16
-3
What is 1b (base 15) in base 3?
222
6 (base 13) to base 15
6
Convert -2 (base 14) to base 3.
-2
What is 2 (base 3) in base 8?
2
What is -2 (base 13) in base 14?
-2
-6 (base 16) to base 15
-6
What is -14 (base 7) in base 5?
-21
What is -57 (base 15) in base 8?
-122
-4 (base 16) to base 12
-4
What is 31 (base 14) in base 10?
43
What is -13 (base 14) in base 15?
-12
What is -1 (base 6) in base 9?
-1
1000 (base 2) to base 7
11
-23 (base 4) to base 8
-13
What is 10 (base 5) in base 2?
101
Convert -7 (base 12) to base 9.
-7
Convert 0 (base 5) to base 13.
0
-235 (base 7) to base 16
-7c
-a6 (base 13) to base 6
-344
What is 63 (base 13) in base 6?
213
-8 (base 11) to base 10
-8
What is -100 (base 3) in base 16?
-9
Convert 101 (base 3) to base 13.
a
Convert 11 (base 15) to base 13.
13
1 (base 13) to base 2
1
What is -10 (base 6) in base 14?
-6
Convert 24 (base 5) to base 15.
e
Convert -1 (base 11) to base 14.
-1
Convert 50 (base 8) to base 3.
1111
Convert 21 (base 4) to base 12.
9
Convert 1101 (base 3) to base 16.
25
What is 85 (base 15) in base 8?
175
Convert -b (base 15) to base 7.
-14
What is -8 (base 12) in base 11?
-8
What is -1221 (base 4) in base 7?
-210
125 (base 6) to base 16
35
0 (base 15) to base 10
0
What is -1000100 (base 2) in base 4?
-1010
201 (base 4) to base 7
45
-3 (base 16) to base 9
-3
Convert 1 (base 3) to base 15.
1
-104 (base 8) to base 11
-62
15 (base 6) to base 2
1011
31 (base 8) to base 11
23
-50 (base 11) to base 14
-3d
What is 2 (base 6) in base 3?
2
1201 (base 3) to base 10
46
What is -5 (base 8) in base 3?
-12
What is 20 (base 5) in base 4?
22
0 (base 16) to base 12
0
Convert -a (base 15) to base 14.
-a
Convert -4 (base 6) to base 10.
-4
Convert 4 (base 12) to base 2.
100
Convert -102 (base 6) to base 14.
-2a
2 (base 7) to base 3
2
What is 6 (base 15) in base 16?
6
What is 111 (base 12) in base 16?
9d
Convert -2 (base 10) to base 3.
-2
Convert 5 (base 13) to base 7.
5
Convert -2 (base 12) to base 9.
-2
What is 1 (base 11) in base 7?
1
What is 29 (base 14) in base 9?
41
What is -200 (base 4) in base 7?
-44
Convert -14 (base 6) to base 13.
-a
5 (base 14) to base 5
10
Convert 103 (base 4) to base 15.
14
-20 (base 11) to base 8
-26
a (base 12) to base 10
10
Convert 16 (base 13) to base 2.
10011
-1110100 (base 2) to base 5
-431
What is 41 (base 11) in base 14?
33
Convert -30 (base 7) to base 2.
-10101
Convert 103 (base 4) to base 8.
23
2 (base 5) to base 2
10
Convert -1 (base 14) to base 2.
-1
-1001 (base 5) to base 14
-90
Convert b4 (base 13) to base 8.
223
Convert -134 (base 8) to base 5.
-332
What is 510 (base 9) in base 6?
1530
What is -23 (base 11) in base 10?
-25
What is -1111 (base 2) in base 13?
-12
34 (base 5) to base 7
25
What is -131 (base 5) in base 8?
-51
What is -104 (base 6) in base 3?
-1111
Convert 11 (base 12) to base 15.
d
What is 5 (base 16) in base 6?
5
1121 (base 4) to base 3
10022
What is -2100 (base 3) in base 2?
-111111
What is 1101110 (base 2) in base 4?
1232
19f (base 16) to base 9
511
22 (base 3) to base 4
20
4 (base 12) to base 9
4
What is 16 (base 14) in base 4?
110
Convert 1014 (base 5) to base 6.
342
What is 7a (base 13) in base 7?
203
Convert b (base 15) to base 2.
1011
What is b (base 16) in base 11?
10
What is 0 (base 9) in base 16?
0
What is 17 (base 10) in base 9?
18
6 (base 7) to base 4
12
What is -32 (base 15) in base 7?
-65
Convert -1 (base 12) to base 13.
-1
Convert -1 (base 6) to base 7.
-1
What is -3 (base 16) in base 2?
-11
Convert 40 (base 6) to base 15.
19
Convert -43 (base 7) to base 5.
-111
What is 5 (base 10) in base 2?
101
What is 1111111 (base 2) in base 8?
177
0 (base 16) to base 12
0
What is -100 (base 3) in base 9?
-10
Convert -3 (base 8) to base 11.
-3
What is -4 (base 15) in base 6?
-4
-9 (base 15) to base 7
-12
Convert 11 (base 14) to base 12.
13
11 (base 2) to base 10
3
What is -12b (base 16) in base 9?
-362
Convert -4 (base 15) to base 6.
-4
Convert 0 (base 14) to base 16.
0
-46 (base 14) to base 2
-111110
What is -200 (base 10) in base 3?
-21102
-6 (base 13) to base 15
-6
Convert -14 (base 10) to base 8.
-16
Convert 221 (base 4) to base 2.
101001
Convert 49 (base 13) to base 2.
111101
Convert 14 (base 16) to base 10.
20
What is e (base 15) in base 13?
11
What is -3131 (base 4) in base 12?
-165
Convert 19 (base 12) to base 15.
16
-126 (base 9) to base 3
-10220
What is 10000